3 - 15*v**2 + 5*v - 6. Let a(t) = -5*t**3 - 5*t**2 + 2*t - 2. Suppose -11*j - 16 = -7*j. Let h(n) = j*m(n) + 11*a(n). Calculate h(-5).
-8
Suppose 0 = 4*o + 5*c - 18, 4*o - 18 - 4 = -3*c. Let v(n) = -1 - 6*n - 6 - 6*n**2 - 3*n + 3*n + n**3. Calculate v(o).
0
Let g(j) = 2*j**2 + 4*j. Let m(v) = -v**2 - v - 1. Let y(z) = -g(z) - 3*m(z). Calculate y(0).
3
Let l(z) = -z + 5. Suppose -4*c + 330 = -2*k, -3*c + c - 690 = 4*k. Let p be ((-2)/(-2))/(3/k). Let t be p/9 + 3/9. Determine l(t).
11
Let w(u) be the third derivative of u**5/60 - u**4/6 + u**3/3 - 2*u**2 + 8*u. Suppose o + 6 = 9. What is w(o)?
-1
Suppose 0 = -3*b - 15 + 21. Let g(o) = 11*o**b - 6*o**2 - 12 + 12. Give g(1).
5
Let q = 7 - 4. Let j(z) = -3*z**3 + 4*z - 6*z**2 + 6*z**q + z**2 - 1 - 4*z**3. Suppose 0 = 5*r + 1 + 29. What is j(r)?
11
Let h(k) = 282*k - 132*k - 143*k. Calculate h(2).
14
Let o be (-1)/(-5) + 87/15. Let l(i) = -9 - i**3 + 9 + o*i**2 - 5*i. Suppose 13 = s - 2*y, 3*s - 4 - 15 = y. Determine l(s).
0
Let t(b) be the first derivative of 1/2*b**2 + 25 - 6*b. Calculate t(6).
0
Let x(w) = 5*w**2 + 3 - w**3 - 4*w - 2 + 0. Let u(g) = -g**2 + 13*g + 18. Let p be u(11). Let k = p + -37. Calculate x(k).
7
Let i(k) = k - 5. Suppose 4*j + 29 = 5. Let z be (5/3)/(((-8)/j)/(-4)). Determine i(z).
-10
Let d(k) = k**3 - 6*k**2 + 6*k - 4. Let w(l) = -l**3 - 12*l**2 - l - 8. Let x be w(-12). Calculate d(x).
-12
Let f(y) = y**2 + 14*y**3 - 18*y**3 + 5*y**3 + 14 - 3*y - 16. Give f(-3).
-11
Let f(j) = 2*j**3 - j**2 - 2*j - 1. Let h(k) = -k**3 + k**2 + 1. Let r be ((-10)/(-25))/((-1)/(-10)). Let t(p) = r*h(p) + f(p). What is t(2)?
-5
Let m(a) be the first derivative of a**2 + a + 2. Let g(q) = q + 10. Let d be g(-16). Let b be (0 - d/3)*-1. Calculate m(b).
-3
Suppose 4*x + 5*h = -14 - 32, -3*x + 4*h - 19 = 0. Let r be (x/(-4))/(3/2)*-2. Let t(d) = 7*d + 1. Determine t(r).
-20
Let s(o) be the third derivative of 13*o**5/60 - o**4/12 + o**3/6 + 406*o**2. Suppose 0 = -3*v + v + 2. Calculate s(v).
12
Let g(a) = -a**3 - 10*a**2 + 12*a + 8. Let b be (-10)/15 - (-93)/(-9). Determine g(b).
-3
Let d(y) = -y**3 + y**2 + 39*y + 20. Let g be d(7). Let t(a) = 8*a + 2. Calculate t(g).
-6
Let b(i) = -i**2 + 5*i - 9. Let j(t) = -t**2 + 5*t - 8. Let u = 60 - 55. Suppose -4*v - 8 - 8 = 0. Let q(y) = u*j(y) + v*b(y). Give q(5).
-4
Let u(v) = v**2 - 5*v + 4. Let a be (3 - (-155)/(-55)) + (-318)/(-66). Give u(a).
4
Let z(x) = 2*x + 11. Let r(s) = 6*s + 33. Let y(i) = 6*r(i) - 17*z(i). Calculate y(-9).
-7
Let j(r) = -526 + r + 535 + 2*r - 2*r + 5*r + r**2. Determine j(-3).
0
Let p(u) = u**2 - 6*u + 6. Let j be p(6). Let k(r) = r - 7. Let l(q) = 1. Let s(c) = j*l(c) + k(c). Determine s(9).
8
Let u(v) = -v - 5. Suppose 0 = -5*h + 235 + 5. Suppose h = -4*o + 8*o. Let b = 12 - o. Calculate u(b).
-5
Let r(a) be the first derivative of -3*a**2/2 - 5*a - 2. Let p = 297 + -306. Give r(p).
22
Let z be (736/(-40))/(6/15). Let s = z - -42. Let y(j) = j**2 - j - 1. Let p(x) = -7*x**2 + 5*x + 4. Let b(o) = p(o) + 6*y(o). Calculate b(s).
-14
Let r(l) = -152*l - 1 + 2 + 151*l + 0. Let f(q) = 2*q + 9. Let t be f(8). Suppose -5*j = t, -j = -x - 5*j - 24. Determine r(x).
5
Let x be (6/(-10))/(5/(-25)). Suppose -x*i = -i. Let s(g) = 0*g + 0*g - 2 + 2*g + i. Give s(5).
8
Let z(k) = k**3 - 2*k**2 - 10*k + 4. Let q be z(4). Let x(v) be the second derivative of v**5/20 + v**4/3 + 2*v**3/3 - 5*v**2/2 - 2*v. Give x(q).
-21
Suppose 5*f = 6*f. Let r(y) = -3*y**3 - 2*y**2 + 3*y - 4. Let z(q) = -13*q**3 - 9*q**2 + 13*q - 16. Let n(x) = -9*r(x) + 2*z(x). What is n(f)?
4
Suppose -5*h - 2*c = 12, -4*c - 1 = -2*h + c. Let k(p) = -8*p - 2. Let d(n) = 15*n + 3. Let u(r) = 3*d(r) + 5*k(r). Calculate u(h).
-11
Let g(k) = 2*k - 4. Let v be (-70)/(-6) + (-86)/(-258). What is g(v)?
20
Let l(i) = i**2 + 7*i + 4. Suppose -8 = -x - c, 0*x - c - 1 = -2*x. Suppose 0 = x*k + 28 - 13. Calculate l(k).
-6
Let x(l) = -l**3 + 8*l**2 - 7*l - 3. Let a be x(7). Let y(r) = r - 4 + 7*r**2 + 10*r**2 - 21*r**2 + 5*r**2. Determine y(a).
2
Suppose d - 2*d = 0. Let h(q) = -13*q**3 - 13*q - 27. Let y(u) = u + 6*u + 14 + 0*u + 7*u**3. Let j(b) = -6*h(b) - 11*y(b). Calculate j(d).
8
Let p(l) = -7*l**3 - 7*l**2 + 11*l - 1. Let d(o) = 4*o**3 + 4*o**2 - 6*o + 1. Let v(j) = 5*d(j) + 3*p(j). Suppose 3*m + 10 = -2*m. Calculate v(m).
0
Let z be 1*(0 + 1 - 2). Let o(h) = h**2 - 1. Let i(x) = 5*x**2 - 5*x - 4. Let v(w) = z*i(w) + 6*o(w). What is v(-6)?
4
Let y(i) = -i**2 - 3*i + 4. Suppose -37*b + 543 = 802. Give y(b).
-24
Let g be (-5)/(-6) + 33/(-99). Let n(l) be the second derivative of g*l**3 + 0 + 5/12*l**4 - 1/2*l**2 + 1/20*l**5 + 2*l. Calculate n(-4).
3
Let y be (3/1)/(-3) + 4. Let v(f) = -34*f + 8 - f**3 + 30*f - y + 4*f**2. Determine v(4).
-11
Let v(w) = -5*w - 18. Let i(k) = -2*k - 8. Let h(r) = -7*i(r) + 3*v(r). Determine h(5).
-3
Let n be (-2 - (-1 - 6))*-1. Let t = 108 - 105. Let s(i) = -4*i**2 - 4*i + 2. Let d(b) = 5*b**2 + 4*b - 2. Let v(x) = t*d(x) + 4*s(x). Give v(n).
-3
Let k(n) = 2*n**2 - 17*n + 24. Let t(d) be the first derivative of d**3/3 - 9*d**2/2 + 13*d - 32. Let m(u) = -3*k(u) + 5*t(u). Calculate m(6).
-7
Let q(v) = -v**3 + 5*v**2 - v - 4. Suppose -2*t = 21 + 3. Let g = t - -13. Let u be g/((-27)/(-12) - 2). Give q(u).
8
Let r(q) = -4*q**2 - 9*q - 6. Let l(j) = 3*j**2 + 8*j + 5. Let o(i) = -5*l(i) - 4*r(i). Let n = -8 + 13. Give o(n).
4
Let k(p) = 0*p - 5*p + 1 + 3*p. Suppose -4*f + f = 5*a + 12, a + 33 = -4*f. Let g be ((-3)/f)/((-1)/(-9)). What is k(g)?
-5
Let u(d) = 3*d**3 + 13*d**2 - 6*d - 32. Let g(c) = 4*c - c**3 + 18 + 3 - 9*c**2 - c**3. Let s(n) = 8*g(n) + 5*u(n). Let z = -746 - -739. What is s(z)?
-6
Suppose -3*y + 182 = w, 27 - 91 = -y + 3*w. Let t = y - 70. Let v(p) = p**3 + 10*p**2 + 8*p - 2. Calculate v(t).
7
Let s be ((-225)/(-175))/(3/14). Let o(w) = 1 + 2*w - 3 - 7 + 0*w. Determine o(s).
3
Let j be 2*(-1 + 5/2). Let t(x) = 2*x + 3. Let v(i) = -4*i - 6. Let q(u) = 7*t(u) + 3*v(u). What is q(j)?
9
Let s(j) = j + 2*j - 35 - 7*j + 36. What is s(3)?
-11
Let d(b) be the first derivative of -2*b**2 - 31*b + 301. Calculate d(-7).
-3
Let h(m) = -6*m + 4. Let y be 8/((-4)/(20/5)). Let w be y/3*162/(-36). Suppose -3*f = f - w. Give h(f).
-14
Let m be ((-4)/(-30)*-3*-5)/((-2)/(-2)). Suppose 5*d - 10 = -0*d. Let i(p) = 3*p**d - 2*p + 0 + 0 - 2. Calculate i(m).
6
Let p(s) be the second derivative of 0 + 1/2*s**3 - 17*s - 2*s**2 + 1/12*s**4. What is p(-4)?
0
Let x(g) = -1 + 7 + g**3 + g - 2*g**3 + 5*g**2. Suppose -s - 1 = 0, 2*s = -5*o + 3*s + 276. Let w = 60 - o. Determine x(w).
11
Let c(s) = -s - 3 + 5*s + s - 2*s + 0*s. Give c(0).
-3
Let z be -7*(-5 + 28/(-2 + 9)). Let u(d) = -d**2 + 5*d + 9. What is u(z)?
-5
Let t(n) = n**3 + 8*n**2 - 9*n + 3. Let f be t(-9). Let h(g) = -78 + 4*g - f*g**2 + 83 - 4*g**3 + 3*g**3. Give h(-4).
5
Let n = -44 - -50. Suppose 15 = -9*x - n*x. Let t(z) = -3 + 3 + 1 - 7*z. Calculate t(x).
8
Let z(g) = 5*g - 1. Let m be 430/(-50) - (-32)/20. Calculate z(m).
-36
Suppose b - 3*n + 16 = 0, 5*b - 63 + 48 = -4*n. Let g(v) = -7*v**2 + v + 1. Calculate g(b).
-7
Suppose -4*w - 449 = -a - 2*a, -3*w = -5*a + 763. Let i = -158 + a. Let c(o) = o + 7. What is c(i)?
4
Let q(r) = -9*r**2 + 17*r - 11. Let h(n) = 4*n**2 - 7*n + 6. Let b(k) = -7*h(k) - 3*q(k). Calculate b(0).
-9
Let c(w) = 3*w + 12*w - 11*w + w**2 - 9*w + 53 + 3*w. What is c(0)?
53
Suppose -q - 4 = -3*v - 44, -q + 36 = v. Let s = q - 38. Let t(y) be the second derivative of y**4/12 + y**2/2 + 2*y. Give t(s).
2
Let r(x) = 4*x**2 - 21*x + 5. Let m(u) = 6*u**2 - 32*u + 7. Let v(g) = 5*m(g) - 7*r(g). Give v(6).
-6
Suppose -27*y = -14*y - 208. Let q(j) = j**3 - 16*j**2 - j + 14. Give q(y).
-2
Let f be (-7)/(-2)*(5 - 184/56). Let s(a) = a**2 - 8*a + 9. Give s(f).
-3
Let u(i) = 8*i - 119. Let p be u(14). Let l(x) = x**2 + 5*x. Calculate l(p).
14
Let r(l) be the third derivative of -l**6/360 + l**5/120 - l**4/8 + 10*l**2. Let z(q) be the second derivative of r(q). Calculate z(2).
-3
Let g(u) be the third derivative of -u**4/24 - u**3/3 - 33*u**2 - 12. Give g(3).
-5
Let x(c) = -5*c - 1. Let y be (30/9)/((-7)/((-84)/(-8))). Let m be (-5 - 25/y) + -1. Determine x(m).
4
Suppose -2*x + 0*p - p = 1, 0 = -x - p - 1. Suppose 2*m - 7 + 3 = x. Let g(n) = 3*n - 25 + 39 - m*n. Calculate g(0).
14
Let 